 157 divide 4330?
False
Is 14 a factor of 36120?
True
Is 6 a factor of 90?
True
Does 13 divide 1508?
True
Is 702 a multiple of 9?
True
Is 160 a factor of 30720?
True
Is 62 a factor of 15440?
False
Is 5559 a multiple of 17?
True
Does 6 divide 30?
True
Does 21 divide 101850?
True
Does 31 divide 5363?
True
Is 30 a factor of 7098?
False
Is 10711 a multiple of 66?
False
Is 696 a multiple of 24?
True
Does 18 divide 1155?
False
Is 126 a factor of 37674?
True
Does 16 divide 20548?
False
Is 41 a factor of 13530?
True
Does 17 divide 46?
False
Is 14317 a multiple of 103?
True
Is 18 a factor of 13302?
True
Is 9 a factor of 43101?
True
Does 21 divide 6993?
True
Is 30 a factor of 1530?
True
Does 167 divide 53440?
True
Does 11 divide 12006?
False
Does 14 divide 32900?
True
Is 21221 a multiple of 19?
False
Is 464 a multiple of 6?
False
Is 138 a multiple of 2?
True
Is 34 a factor of 60758?
True
Is 22 a factor of 9199?
False
Is 23 a factor of 407?
False
Is 3 a factor of 4758?
True
Is 12780 a multiple of 20?
True
Is 438 a multiple of 67?
False
Does 10 divide 907?
False
Does 113 divide 8701?
True
Is 738 a multiple of 41?
True
Is 1610 a multiple of 23?
True
Does 28 divide 476?
True
Does 36 divide 792?
True
Is 12 a factor of 16123?
False
Is 347 a multiple of 8?
False
Does 118 divide 118?
True
Is 1568 a multiple of 14?
True
Is 140 a factor of 18997?
False
Is 28 a factor of 988?
False
Is 6 a factor of 174?
True
Is 14 a factor of 2212?
True
Is 196 a factor of 8248?
False
Is 3915 a multiple of 15?
True
Is 148 a factor of 296?
True
Is 13 a factor of 2189?
False
Is 12 a factor of 660?
True
Is 90 a multiple of 45?
True
Is 2484 a multiple of 23?
True
Is 40 a factor of 6485?
False
Is 6633 a multiple of 99?
True
Does 20 divide 48100?
True
Does 7 divide 339?
False
Does 13 divide 65?
True
Does 3 divide 602?
False
Does 9 divide 44406?
True
Does 16 divide 55200?
True
Is 19396 a multiple of 100?
False
Is 32509 a multiple of 402?
False
Is 880 a multiple of 40?
True
Is 1552 even?
True
Does 43 divide 2838?
True
Is 346 a multiple of 7?
False
Is 17 a factor of 524?
False
Is 3336 a multiple of 33?
False
Is 38913 a multiple of 119?
True
Is 47 a factor of 704?
False
Is 12276 a multiple of 31?
True
Does 22 divide 264?
True
Does 34 divide 272?
True
Is 21 a factor of 1865?
False
Is 2 a factor of 32?
True
Does 3 divide 15?
True
Is 13 a factor of 1546?
False
Is 9422 a multiple of 6?
False
Is 47 a factor of 47?
True
Is 4226 a multiple of 104?
False
Is 205 a multiple of 5?
True
Is 36 a factor of 939?
False
Is 139 a factor of 23961?
False
Is 28 a factor of 588?
True
Is 3122 a multiple of 118?
False
Does 12 divide 112?
False
Is 2095 a multiple of 6?
False
Does 19 divide 30836?
False
Does 23 divide 9200?
True
Is 19 a factor of 3836?
False
Does 42 divide 1845?
False
Is 1648 a multiple of 4?
True
Does 16 divide 17840?
True
Is 345 a multiple of 44?
False
Is 11120 a multiple of 17?
False
Does 10 divide 90?
True
Is 228 a factor of 141849?
False
Is 1333 a multiple of 31?
True
Does 46 divide 87278?
False
Is 11 a factor of 10747?
True
Is 11 a factor of 118?
False
Is 21 a factor of 11713?
False
Is 34560 a multiple of 45?
True
Does 15 divide 27264?
False
Does 65 divide 135070?
True
Is 7362 a multiple of 13?
False
Is 49 a factor of 17393?
False
Is 7 a factor of 15?
False
Is 5 a factor of 873?
False
Is 9 a factor of 81?
True
Is 28 a factor of 840?
True
Is 19339 a multiple of 233?
True
Is 1735 a multiple of 10?
False
Is 24610 a multiple of 8?
False
Is 42 a multiple of 16?
False
Is 61710 a multiple of 22?
True
Is 71 a factor of 639?
True
Is 6 a factor of 8712?
True
Is 24 a factor of 936?
True
Is 58 a factor of 1294?
False
Is 20939 a multiple of 33?
False
Is 27 a factor of 387?
False
Does 7 divide 11981?
False
Is 44 a factor of 4681?
False
Is 2 a factor of 1885?
False
Does 28 divide 730?
False
Is 4080 a multiple of 40?
True
Does 18 divide 4636?
False
Does 22 divide 98164?
True
Is 1033 a multiple of 42?
False
Is 5 a factor of 116?
False
Is 24 a factor of 1557?
False
Is 1820 a multiple of 52?
True
Is 2127 a multiple of 37?
False
Is 1249 a multiple of 49?
False
Is 5 a factor of 474?
False
Is 4120 a multiple of 8?
True
Is 17 a factor of 562?
False
Is 4 a factor of 5596?
True
Does 117 divide 8658?
True
Is 27 a factor of 21905?
False
Is 37365 a multiple of 45?
False
Is 3146 a multiple of 35?
False
Does 39 divide 519?
False
Does 60 divide 1436?
False
Is 1316 a multiple of 11?
False
Is 77976 a multiple of 27?
True
Is 5 a factor of 2095?
True
Is 31 a factor of 310?
True
Is 4 a factor of 212?
True
Is 61 a factor of 2257?
True
Is 58591 a multiple of 13?
True
Is 1105 a multiple of 17?
True
Is 18 a factor of 810?
True
Is 76 a factor of 228?
True
Is 40754 a multiple of 14?
True
Is 2656 a multiple of 83?
True
Does 24 divide 2297?
False
Is 10 a factor of 23790?
True
Is 11 a factor of 264?
True
Is 20 a factor of 7420?
True
Is 12063 a multiple of 15?
False
Is 23929 a multiple of 23?
False
Does 8 divide 112?
True
Is 68 a factor of 5236?
True
Is 2105 a multiple of 4?
False
Does 25 divide 44769?
False
Does 15 divide 1279?
False
Does 10 divide 18229?
False
Is 18126 a multiple of 18?
True
Does 103 divide 93227?
False
Is 31 a factor of 7812?
True
Does 15 divide 446?
False
Is 119 a multiple of 7?
True
Does 9 divide 68?
False
Is 11107 a multiple of 23?
False
Is 12 a factor of 20238?
False
Is 3324 a multiple of 22?
False
Does 13 divide 598?
True
Is 80 a factor of 4453?
False
Does 9 divide 185?
False
Does 30 divide 1180?
False
Is 627 a multiple of 19?
True
Is 13 a factor of 1183?
True
Is 268 a multiple of 3?
False
Is 13 a factor of 9750?
True
Is 54 a factor of 3595?
False
Is 7 a factor of 385?
True
Does 32 divide 2336?
True
Is 5632 a multiple of 21?
False
Is 69856 a multiple of 59?
True
Is 25897 a multiple of 102?
False
Is 19701 a multiple of 33?
True
Is 2095 a multiple of 11?
False
Is 5 a factor of 5960?
True
Is 567 a multiple of 18?
False
Is 10 a factor of 29270?
True
Is 15 a factor of 613?
False
Is 8 a factor of 20176?
True
Is 46 a factor of 1015?
False
Is 12129 a multiple of 6?
False
Is 628 a multiple of 12?
False
Does 245 divide 71295?
True
Does 7 divide 602?
True
Is 48 a multiple of 6?
True
Is 1480 a multiple of 10?
True
Is 6 a factor of 117?
False
Is 10 a factor of 1110?
True
Is 10206 a multiple of 3?
True
Is 77 a factor of 34689?
False
Is 13804 a multiple of 58?
True
Is 19265 a multiple of 49?
False
Is 12 a factor of 3388?
False
Does 169 divide 83824?
True
Is 17 a factor of 16864?
True
Is 32 a factor of 1888?
True
Is 39 a factor of 975?
True
Does 11 divide 1181?
False
Is 12 a factor of 150?
False
Does 63 divide 1823?
False
Is 14 a factor of 22788?
False
Is 9856 a multiple of 77?
True
Is 9 a factor of 31960?
False
Is 34 a factor of 680?
True
Does 6 divide 1136?
False
Is 1551 a multiple of 73?
False
Is 22 a factor of 738?
False
Does 12 divide 300?
True
Is 1932 a multiple of 30?
False
Is 34 a factor of 599?
False
Is 88 a multiple of 22?
True
Is 823 a multiple of 64?
False
Does 18 divide 1871?
False
Is 2828 a multiple of 5?
False
Does 14 divide 518?
True
Is 12 a factor of 84?
True
Is 37 a factor of 14130?
False
Is 11 a factor of 1043?
False
Is 2394 a multiple of 171?
True
Does 3 divide 6949?
False
Is 932 a multiple of 13?
False
Is 108732 a multiple of 164?
True
Is 57 a factor of 20406?
True
Does 16 divide 1616?
True
Is 31 a factor of 8215?
True
Is 50 a factor of 2376?
False
Is 5909 a multiple of 58?
False
Does 14 divide 47249?
False
Does 5 divide 13648?
False
Does 18 divide 98658?
True
Is 296 a multiple of 8?
True
Is 26 a factor of 1144?
True
Is 35980 a multiple of 9?
False
Is 11 a factor of 132?
True
Is 996 a multiple of 79?
False
Does 31 divide 5549?
True
Is 15347 a multiple of 103?
True
Is 524 a multiple of 2?
True
Does 31 divide 484?
False
Is 3 a factor of 9?
True
Does 154 divide 37153?
False
Is 102 a factor of 5916?
True
Does 30 divide 3893?
False
Is 16 a factor of 12080?
True
Does 5 divide 600?
True
Is 26 a factor of 11786?
False
Is 26461 a multiple of 108?
False
Is 3954 a multiple of 62?
False
Is 5772 a multiple of 26?
True
Is 5 a factor of 340?
True
Is 27 a factor of 703?
False
Is 5 a factor of 25247?
False
Is 82 even?
True
Does 9 divide 372?
False
Is 9151 a multiple of 2?
False
Does 54 divide 55512?
True
Is 48279 a multip